 15
423
What is -1653 (base 13) in base 10?
-3279
Convert -1021211 (base 3) to base 4.
-32230
What is 797 (base 10) in base 2?
1100011101
-2103421 (base 5) to base 9
-52734
-1cf5 (base 16) to base 8
-16365
What is -2740 (base 8) in base 2?
-10111100000
Convert -2102 (base 7) to base 10.
-737
Convert 377 (base 9) to base 12.
221
What is -1704 (base 10) in base 13?
-a11
What is -2898 (base 10) in base 15?
-cd3
-33111 (base 4) to base 5
-12411
What is 8661 (base 16) in base 3?
1202012010
Convert -1130 (base 9) to base 7.
-2304
-1b2 (base 13) to base 7
-626
-1516 (base 8) to base 16
-34e
What is 71 (base 10) in base 15?
4b
100111011010101 (base 2) to base 6
233233
Convert 1a9 (base 12) to base 16.
111
What is -10244403 (base 5) in base 4?
-111112312
273 (base 12) to base 13
22b
-42a4 (base 13) to base 12
-5438
Convert -443 (base 8) to base 10.
-291
-1f44 (base 16) to base 14
-2cba
What is -12222002 (base 3) in base 12?
-2625
Convert 2211 (base 3) to base 13.
5b
4d23 (base 14) to base 8
32363
What is 537 (base 9) in base 14?
235
11141 (base 6) to base 7
4405
11a5 (base 12) to base 6
13125
10132213 (base 4) to base 12
a747
What is -2d4e (base 15) in base 10?
-9749
What is 25843 (base 10) in base 13?
b9bc
21342 (base 5) to base 10
1472
What is -c13 (base 14) in base 16?
-941
What is 3302243 (base 5) in base 12?
288a5
Convert 3684 (base 12) to base 8.
14004
Convert -686 (base 14) to base 6.
-5554
1a (base 11) to base 13
18
-10013302 (base 5) to base 14
-20c14
Convert -2bc (base 14) to base 10.
-558
Convert 6551 (base 7) to base 14.
bd1
What is ba2 (base 12) in base 16?
6aa
133103 (base 4) to base 14
a31
Convert -101101001 (base 2) to base 6.
-1401
What is 211221101 (base 3) in base 2?
100000101010011
Convert 2122110 (base 3) to base 4.
132021
Convert -39a5 (base 11) to base 14.
-1c73
What is -66042 (base 7) in base 10?
-16494
What is -113411 (base 5) in base 8?
-10207
1836 (base 10) to base 7
5232
What is 335 (base 7) in base 11?
148
-34244 (base 6) to base 13
-2293
-430222 (base 7) to base 3
-10210020221
-189 (base 11) to base 6
-1002
Convert 11121 (base 5) to base 9.
1063
-3020223 (base 4) to base 2
-11001000101011
Convert 106534 (base 8) to base 4.
20311130
What is -2974 (base 10) in base 5?
-43344
443 (base 9) to base 7
1026
271 (base 8) to base 7
353
-224402 (base 5) to base 2
-1111110100110
What is -22250 (base 6) in base 13?
-1566
304d (base 16) to base 2
11000001001101
1006 (base 8) to base 12
372
Convert -a67 (base 11) to base 14.
-679
What is aa43 (base 11) in base 15?
44b2
10329 (base 10) to base 11
7840
Convert -2a7 (base 15) to base 3.
-211111
b87 (base 15) to base 9
3511
What is 5673 (base 9) in base 14?
175b
What is -242533 (base 6) in base 5?
-1140434
341 (base 14) to base 16
285
Convert -36621 (base 7) to base 11.
-7210
What is 10211 (base 5) in base 12?
489
Convert -2b27 (base 13) to base 14.
-2410
-1004 (base 7) to base 13
-209
-1321 (base 7) to base 16
-1f9
Convert -4501 (base 6) to base 14.
-549
What is -1100001 (base 2) in base 7?
-166
Convert -601 (base 16) to base 11.
-1178
What is -11011031 (base 4) in base 14?
-7829
Convert 2210 (base 3) to base 2.
1001011
4350 (base 14) to base 2
10110101110010
360 (base 13) to base 15
290
Convert -3fa (base 16) to base 6.
-4414
-2434 (base 14) to base 4
-1202232
What is 73373 (base 8) in base 12?
15763
What is 3aae (base 16) in base 12?
883a
Convert 134172 (base 8) to base 16.
b87a
Convert 4675 (base 9) to base 7.
13055
670 (base 14) to base 12
8a2
What is 304 (base 6) in base 11?
a2
-2435 (base 6) to base 2
-1001010111
8149 (base 11) to base 14
3d30
-1bd (base 16) to base 8
-675
Convert 70 (base 8) to base 16.
38
What is -2633 (base 7) in base 14?
-51a
-3121 (base 4) to base 3
-22001
-1110001011 (base 2) to base 14
-48b
What is 27118 (base 11) in base 15?
b729
Convert -1d8 (base 16) to base 2.
-111011000
What is 2324 (base 5) in base 11?
289
23130 (base 5) to base 14
86d
Convert 23613 (base 7) to base 9.
8366
What is -43534 (base 6) in base 7?
-23410
What is -5232 (base 7) in base 2?
-11100101100
Convert 271 (base 12) to base 15.
19d
1ab4 (base 16) to base 13
315b
6d40 (base 14) to base 6
224140
Convert -20121022 (base 3) to base 16.
-12ce
-378 (base 14) to base 5
-10234
What is -975 (base 15) in base 9?
-2832
-301 (base 4) to base 13
-3a
Convert -20228 (base 9) to base 8.
-31776
Convert -6438 (base 14) to base 15.
-51d3
Convert -1a34 (base 11) to base 9.
-3474
Convert 521 (base 6) to base 9.
234
-1001001111110100 (base 2) to base 4
-21033310
Convert -705d (base 15) to base 8.
-56241
Convert -125541 (base 7) to base 11.
-16803
Convert -4606 (base 11) to base 14.
-22c8
What is -5009 (base 11) in base 2?
-1101000001000
What is 55a (base 11) in base 12?
47a
What is d447 (base 15) in base 7?
244510
Convert 1045 (base 6) to base 14.
137
-3a30 (base 12) to base 8
-15004
What is -208 (base 16) in base 8?
-1010
What is 124 (base 10) in base 5?
444
Convert 126 (base 11) to base 13.
b6
What is 35d3 (base 15) in base 6?
125000
-24a2 (base 14) to base 9
-8716
-112301 (base 4) to base 9
-1888
Convert 3666 (base 8) to base 11.
1535
Convert 2243 (base 5) to base 13.
1bb
Convert 111110010100 (base 2) to base 5.
111423
Convert -3322 (base 5) to base 13.
-297
What is -ada (base 16) in base 14?
-1026
Convert -12211202 (base 4) to base 8.
-64542
What is -1101233 (base 4) in base 11?
-3a26
What is 88 (base 14) in base 10?
120
What is 44213 (base 6) in base 9?
8360
Convert -241006 (base 7) to base 4.
-22220233
-2a3 (base 16) to base 14
-363
What is 3211002 (base 5) in base 7?
313035
Convert -121110110 (base 3) to base 15.
-3850
Convert 1d6d (base 15) to base 16.
1903
What is -738b (base 12) in base 6?
-134255
101110001101 (base 2) to base 15
d22
Convert 220 (base 6) to base 9.
103
67966 (base 10) to base 4
100211332
-5314 (base 8) to base 11
-2093
-1013130 (base 4) to base 14
-1948
Convert -16634 (base 10) to base 14.
-60c2
Convert c2 (base 15) to base 7.
350
What is 5a1 (base 14) in base 8?
2141
What is -1020301 (base 4) in base 8?
-11061
Convert -21010112 (base 3) to base 9.
-7115
Convert 63550 (base 8) to base 15.
7c9c
What is 11112301 (base 4) in base 3?
1010002111
719 (base 12) to base 6
4433
What is -f5 (base 16) in base 7?
-500
-130402 (base 5) to base 7
-20606
Convert 156a (base 12) to base 9.
3421
-505 (base 6) to base 15
-c5
Convert 18903 (base 14) to base 2.
1111001010110111
Convert -298 (base 11) to base 9.
-427
What is -15a9a (base 11) in base 13?
-a3a8
What is 100001220 (base 4) in base 11?
45353
What is -146d4 (base 14) in base 11?
-35150
What is -4cd5 (base 14) in base 7?
-54255
Convert -25e (base 15) to base 2.
-1000011011
Convert 70 (base 16) to base 4.
1300
What is 2210 (base 3) in base 11?
69
Convert 11314 (base 11) to base 13.
7599
-202002101 (base 3) to base 8
-34464
What is -25551 (base 7) in base 4?
-1222032
-1686 (base 11) to base 2
-100001100111
What is -23b (base 14) in base 2?
-110111101
-795 (base 14) to base 15
-6a3
Convert -1353 (base 8) to base 6.
-3243
13311310 (base 4) to base 12
16704
Convert -cac (base 15) to base 7.
-11226
Convert -a68 (base 16) to base 3.
-10122200
Convert 1619 (base 16) to base 9.
7675
What is 202200200 (base 3) in base 11?
10373
Convert -1133 (base 4) to base 6.
-235
-614 (base 16) to base 3
-2010122
What is 31521 (base 6) in base 16?
10c9
What is -20570 (base 8) in base 14?
-31a0
-5341 (base 13) to base 12
-6821
What is -2720 (base 9) in base 13?
-c12
4310 (base 5) to base 6
2404
Convert 17085 (base 9) to base 3.
121002212
What is 925 (base 16) in base 11?
1839
Convert -10100010000 (base 2) to base 6.
-10000
What is -320220 (base 6) in base 5?
-1313004
Convert -282 (base 13) to base 12.
-310
1000111001 (base 2) to base 14
2c9
-945 (base 15) to base 11
-1630
Convert 33 (base 10) to base 4.
201
Convert -2023 (base 8) to base 11.
-869
What is -1525 (base 8) in base 5?
-11403
Convert -2427 (base 14) to base 7.
-24250
Convert -28 (base 9) to base 5.
-101
What is 9923 (base 12) in base 11?
11751
What is -27be (base 16) in base 2?
-10011110111110
What is -1001111000001 (base 2) in base 6?
-35225
What is 14120 (base 5) in base 12?
808
What is -1424 (base 12) in base 5?
-33312
-2005 (base 6) to base 7
-1163
Convert -329 (base 15) to base 5.
-10324
What is -4